j**2 + 20*j - 19. Let i be u(8). What is the highest common factor of i and 14?
7
Suppose 3*r = g + 31, -5*r + 4*g + 20 + 20 = 0. Calculate the greatest common factor of r and 6.
6
Suppose -5*c - 207 - 168 = 0. Let d = -33 - c. Calculate the greatest common factor of 6 and d.
6
Let b(n) = -n**3 + 10*n**2 - 9*n + 6. Let y be b(9). Calculate the highest common divisor of y and 12.
6
Suppose 0 = -0*k + 2*k + 66. Suppose -6*m - 297 = -9*m. Let a = k + m. Calculate the highest common divisor of a and 6.
6
Let i(l) = 1. Let k(n) = n. Let x(j) = -2*i(j) - 10*k(j). Let q be x(-5). Suppose -7*a = -3*a - q. Calculate the greatest common divisor of a and 12.
12
Suppose 0 = -w + 5 + 5. What is the greatest common factor of w and 70?
10
Let r be 5*((-3 - 0) + 18). Suppose 4*a - r = -a. What is the greatest common divisor of 60 and a?
15
Suppose 10 = q + q. Let a be 26/8 - (-3)/(-12). Suppose -42 = -q*l + a*l. Calculate the highest common divisor of 3 and l.
3
Let m = 33 + -29. Suppose 0*v + 3*k + 125 = 4*v, 127 = 4*v - k. What is the greatest common factor of m and v?
4
Let v = 27 - 8. Calculate the highest common divisor of 76 and v.
19
Suppose -42 = 2*o - 3*o. Let u = -28 + o. What is the greatest common factor of 56 and u?
14
Let q be 325/15 + (-1)/(-3). Suppose 97*k - 95*k = 22. What is the highest common divisor of k and q?
11
Let g be (-1 + 26/(-6))*6/(-4). Calculate the greatest common factor of g and 40.
8
Suppose 52 = -3*h + 5*h. Let q be 0/(-1) - h/(-2). Calculate the greatest common factor of 39 and q.
13
Suppose o + 44 = 2*o + j, -208 = -5*o - 2*j. Suppose -3*i + o = i. What is the highest common divisor of i and 40?
10
Suppose 2*h + 5 - 29 = 0. Suppose 6 = 4*m - 6*m. Let t(c) = c**2 + c - 3. Let r be t(m). What is the highest common factor of r and h?
3
Suppose -9 = 3*c - 27. Suppose -d - 5*q = -2*d - 3, 4*q - 24 = -d. What is the greatest common factor of c and d?
6
Let h(v) = 2*v - 10. Let t be h(0). Let n(r) = r**3 + 10*r**2 - 6*r + 12. Let m be n(t). What is the highest common factor of 18 and m?
18
Let l be (-13 + 5)/(-1 - 1). Suppose -5*b + 5*c = -105, 2*c + 42 + 32 = l*b. What is the highest common factor of 64 and b?
16
Suppose -47 = -k + 4*g - 6, -5*k + 4*g = -253. What is the greatest common divisor of 53 and k?
53
Let n(k) = k**2 - 3. Let f be n(-7). What is the greatest common factor of f and 115?
23
Let z(s) = -s + 6. Let p be z(3). Let u(r) = -2*r**2 + 2*r. Let i be u(2). Let k = 7 + i. What is the highest common factor of p and k?
3
Suppose 0*n = -n - g + 8, 2*g - 8 = -n. What is the highest common divisor of n and 16?
8
Let g be (-14)/49 - 300/(-21). What is the greatest common factor of 98 and g?
14
Let i = 434 + -245. Let k be (-28)/8*(-18)/3. What is the greatest common factor of k and i?
21
Let t be (1/(10/(-28)))/(1/(-10)). What is the greatest common divisor of 252 and t?
28
Suppose -2*s - 4 = -0*s. Let u be (s/(-6))/((-1)/(-12)). Suppose -n = -t - 15, 3*t + 2*t = -u*n + 87. What is the greatest common factor of n and 6?
6
Suppose 5*w + 8 = 58. Let h(d) = 52*d**3 - d**2 + d - 2. Let a be h(1). What is the greatest common factor of w and a?
10
Suppose -5*w - k = -0*w - 12, w - 9 = 2*k. Suppose -201 = -w*a + 303. Let i = -51 - -72. What is the greatest common factor of a and i?
21
Let m(y) = 5*y**2 + 5*y. Let n be m(-4). Suppose p + 12 = 2*p. Calculate the greatest common divisor of n and p.
12
Let l(n) = -n**3 + 3*n**2 - n + 1. Let p be l(3). Let r be 6/p*4/(-6). What is the highest common divisor of 6 and r?
2
Let v be (2 - 1) + -3 + 2. Suppose 0*p - 2*p - 4*s = -24, s - 4 = v. Calculate the highest common factor of 28 and p.
4
Let j = 132 + -122. What is the greatest common factor of 5 and j?
5
Suppose 2*n = 4*n - 2. Let z be n/((-2)/(-6) + 0). Calculate the highest common divisor of z and 1.
1
Let n = 13 - 11. What is the greatest common divisor of 12 and n?
2
Suppose 3*h - 7 = -5*v, 3 - 2 = -h - 5*v. Suppose 5*b + 0*b = k + 364, -280 = -h*b - 2*k. Calculate the highest common factor of b and 9.
9
Let q = 11 - 6. Suppose -3*w = w - 3*x - 108, -q*w = 2*x - 158. Calculate the greatest common divisor of w and 45.
15
Suppose -c = -w - 3 - 15, -90 = -5*c - w. Calculate the highest common divisor of 24 and c.
6
Let h = 3 - 2. Let y be 28/((-2)/(-1)) - h. Calculate the highest common divisor of 143 and y.
13
Suppose a + 3*a = 5*i + 31, 3*a = 3*i + 21. Let r = 124 - 114. Calculate the greatest common divisor of r and a.
2
Let m be (-1)/(-2)*2*-1. Let x be ((-264)/18)/(m/3). Calculate the greatest common divisor of 4 and x.
4
Let f = 17 - 11. Calculate the highest common divisor of f and 66.
6
Suppose 5*o - 3*o = 220. Let x be o*3*1/3. Suppose 17 = 4*h - 27. What is the greatest common factor of x and h?
11
Let j(a) = 2*a**2 - a - 23. Let y be j(-4). What is the greatest common factor of y and 117?
13
Suppose -2*a + 2*d + 2*d - 2 = 0, 0 = -5*d + 25. Calculate the greatest common factor of a and 9.
9
Let k(c) = -2*c**2 - 3*c - 2 + 5*c**2 - 2*c**2. Suppose -a + 6*a - 20 = 0. Let s be k(a). What is the greatest common factor of 4 and s?
2
Suppose 189 = 5*r + 3*m, r + 4*m - 2*m - 42 = 0. Let p = -59 - -35. Let a be p/(-2) - (-2 + 2). Calculate the greatest common factor of a and r.
12
Suppose -1 = -2*c + 7, -3*l = 5*c - 8. Let k(u) be the first derivative of -u**2 - 5*u - 5. Let w be k(l). What is the greatest common divisor of w and 9?
3
Let n = -132 + 228. Let l(a) = -3*a - 6. Let t be l(-6). What is the highest common factor of n and t?
12
Let s = 0 + 1. Let k be 11/(-22)*(-7 + -1). Suppose -g + 6*g + q - 13 = 0, 2*g = -k*q + 16. What is the highest common factor of s and g?
1
Let u = 147 + -102. What is the highest common factor of u and 15?
15
Let v be 0 + 0 + 1 + 1. Suppose -v*k = -4*k. Suppose -z - i + 110 = 4*z, k = -4*z + 2*i + 88. Calculate the highest common divisor of 110 and z.
22
Let u = -7 - -7. Suppose -3*g - 27 = -4*d, u = -2*g + 2*d - 3*d - 7. Let t be (-6 + g)/(1/(-18)). Calculate the greatest common factor of t and 18.
18
Suppose 180 = 4*a + 4*i, -2*a = -8*i + 3*i - 90. Calculate the highest common factor of a and 27.
9
Let z(n) = 2*n**2 - 11. Let t be z(3). What is the highest common factor of 14 and t?
7
Suppose 4*m = -4*r + 28, 0 = 9*m - 7*m - 5*r - 42. Calculate the highest common divisor of m and 33.
11
Let p be (-63)/(-3) - (3 - 1). Suppose 76 = -3*z + 361. Suppose -3*w + 2*w = -z. What is the highest common divisor of w and p?
19
Suppose -2*g + 4*d = 2*d - 6, 0 = -4*d + 4. Calculate the greatest common factor of 16 and g.
4
Let z be ((-3)/6 - 1)*2. Suppose c + 12 = -0. Let i be c*(1 + z/2). Calculate the greatest common factor of 12 and i.
6
Let q(r) = -r**3 - 3*r**2 + 7*r + 3. Let y be ((-4)/5)/((-16)/(-120)). Let p be q(y). Calculate the greatest common factor of 23 and p.
23
Suppose -2*n + 0*n = -6. Let k = 7 - n. Let o be (-1)/k - (-106)/8. What is the highest common divisor of o and 143?
13
Let d(g) = g**3 + 21*g**2 + 19*g + 19. Let b be d(-20). Calculate the greatest common divisor of 351 and b.
39
Let o(g) = 18*g + 3. Let u be o(2). Calculate the highest common factor of u and 117.
39
Let w(q) = -q**3 - 6*q**2 + 6*q + 6. Let s be w(-7). Let n = 24 - s. Calculate the highest common factor of 11 and n.
11
Let d be 266/5 - (-32)/40. Calculate the greatest common factor of d and 6.
6
Let y = 11 - 9. Suppose -3*w - y*w = -40. Calculate the greatest common factor of w and 8.
8
Suppose 4*n = -i + 11 + 5, -2*i - 8 = 0. Suppose 3*r - n = 2*r. Let j be (r + -7)/((-2)/1). What is the greatest common factor of 3 and j?
1
Let q be 84/8*2 - 3. Let w be -4 + 1 + 0 + q. What is the highest common factor of 30 and w?
15
Let r(d) be the third derivative of d**5/60 - d**4/8 - d**3 + 3*d**2. Let g be r(7). Calculate the greatest common divisor of 110 and g.
22
Let o = 63 + -43. Calculate the highest common factor of 8 and o.
4
Let t(l) = 2*l**3 + l. Let f be t(1). Suppose -9 + f = -3*u. Suppose -370 = -u*i + 5*w, -i - 4*w = -102 - 57. What is the greatest common divisor of i and 25?
25
Let d be (-25)/1*(-112)/40. What is the highest common divisor of 28 and d?
14
Let l(c) = c**3 - 4*c**2 + 3*c - 5. Let b be l(4). Calculate the greatest common factor of b and 77.
7
Suppose -3*y + 21 = 4*f - 121, -5*y + 194 = -4*f. 